f 1881787?
8
What is the tens digit of 3698965?
6
What is the millions digit of 1922162?
1
What is the hundreds digit of 4006977?
9
What is the hundreds digit of 462043?
0
What is the hundred thousands digit of 3981972?
9
What is the thousands digit of 1885820?
5
What is the hundreds digit of 15168773?
7
What is the units digit of 6804646?
6
What is the thousands digit of 4873?
4
What is the millions digit of 2120382?
2
What is the millions digit of 1424838?
1
What is the units digit of 151674?
4
What is the tens digit of 507410?
1
What is the units digit of 812227?
7
What is the hundreds digit of 268129?
1
What is the units digit of 5795211?
1
What is the hundreds digit of 12189937?
9
What is the thousands digit of 180545?
0
What is the ten thousands digit of 1475080?
7
What is the tens digit of 1098444?
4
What is the units digit of 507678?
8
What is the hundred thousands digit of 11682772?
6
What is the hundreds digit of 3449920?
9
What is the ten thousands digit of 21817810?
1
What is the hundreds digit of 1952292?
2
What is the ten thousands digit of 6768252?
6
What is the thousands digit of 465759?
5
What is the thousands digit of 6504839?
4
What is the ten thousands digit of 334125?
3
What is the ten thousands digit of 34715215?
1
What is the units digit of 1035149?
9
What is the units digit of 5306714?
4
What is the tens digit of 1077791?
9
What is the hundreds digit of 14576981?
9
What is the hundreds digit of 668380?
3
What is the hundred thousands digit of 1523995?
5
What is the hundred thousands digit of 3480806?
4
What is the thousands digit of 1322738?
2
What is the thousands digit of 6381286?
1
What is the units digit of 370493?
3
What is the thousands digit of 39438148?
8
What is the ten thousands digit of 188782?
8
What is the ten millions digit of 11672411?
1
What is the hundred thousands digit of 7566201?
5
What is the units digit of 558299?
9
What is the tens digit of 45023?
2
What is the thousands digit of 302062?
2
What is the tens digit of 304769?
6
What is the hundreds digit of 748604?
6
What is the hundreds digit of 1160742?
7
What is the tens digit of 20897?
9
What is the units digit of 7026579?
9
What is the thousands digit of 1746119?
6
What is the hundreds digit of 304464?
4
What is the thousands digit of 421143?
1
What is the hundreds digit of 253804?
8
What is the thousands digit of 21298716?
8
What is the hundred thousands digit of 419434?
4
What is the thousands digit of 28179323?
9
What is the tens digit of 1115850?
5
What is the hundreds digit of 2315907?
9
What is the tens digit of 992781?
8
What is the millions digit of 4023961?
4
What is the ten millions digit of 20889467?
2
What is the hundreds digit of 1943180?
1
What is the millions digit of 2561616?
2
What is the thousands digit of 443180?
3
What is the ten thousands digit of 13684137?
8
What is the ten thousands digit of 879042?
7
What is the tens digit of 1116995?
9
What is the tens digit of 7805249?
4
What is the hundred thousands digit of 959414?
9
What is the hundred thousands digit of 252876?
2
What is the ten thousands digit of 2906263?
0
What is the millions digit of 19278454?
9
What is the millions digit of 30603273?
0
What is the millions digit of 3493493?
3
What is the hundreds digit of 287040?
0
What is the units digit of 561413?
3
What is the hundreds digit of 185203?
2
What is the millions digit of 9228862?
9
What is the tens digit of 662284?
8
What is the millions digit of 7578799?
7
What is the hundred thousands digit of 3002504?
0
What is the hundreds digit of 75697?
6
What is the hundred thousands digit of 1744124?
7
What is the hundred thousands digit of 200094?
2
What is the hundreds digit of 18340?
3
What is the units digit of 621783?
3
What is the tens digit of 121554?
5
What is the tens digit of 386900?
0
What is the hundred thousands digit of 1991316?
9
What is the thousands digit of 827376?
7
What is the ten millions digit of 38913822?
3
What is the hundred thousands digit of 1718313?
7
What is the units digit of 13928?
8
What is the tens digit of 27273076?
7
What is the tens digit of 16487?
8
What is the ten thousands digit of 4066106?
6
What is the hundreds digit of 8541741?
7
What is the thousands digit of 24501631?
1
What is the millions digit of 1993231?
1
What is the hundred thousands digit of 301127?
3
What is the units digit of 36698968?
8
What is the thousands digit of 36559?
6
What is the thousands digit of 4956935?
6
What is the tens digit of 5070993?
9
What is the millions digit of 4455121?
4
What is the tens digit of 16642762?
6
What is the millions digit of 2341334?
2
What is the tens digit of 1563922?
2
What is the units digit of 690463?
3
What is the hundred thousands digit of 15066607?
0
What is the hundreds digit of 2299872?
8
What is the tens digit of 5766245?
4
What is the thousands digit of 1917009?
7
What is the hundreds digit of 26090?
0
What is the hundreds digit of 124091?
0
What is the thousands digit of 15287482?
7
What is the units digit of 17337865?
5
What is the hundred thousands digit of 408971?
4
What is the units digit of 438206?
6
What is the tens digit of 283561?
6
What is the tens digit of 195875?
7
What is the tens digit of 230719?
1
What is the units digit of 79501?
1
What is the hundreds digit of 836201?
2
What is the hundred thousands digit of 145340?
1
What is the units digit of 181703?
3
What is the hundred thousands digit of 3399610?
3
What is the thousands digit of 703583?
3
What is the hundreds digit of 4207?
2
What is the millions digit of 1631830?
1
What is the tens digit of 154175?
7
What is the tens digit of 204052?
5
What is the hundreds digit of 1701493?
4
What is the millions digit of 3611979?
3
What is the millions digit of 1045148?
1
What is the millions digit of 20025030?
0
What is the hundreds digit of 2648420?
4
What is the tens digit of 316262?
6
What is the hundreds digit of 9131215?
2
What is the hundred thousands digit of 609575?
6
What is the hundreds digit of 2225290?
2
What is the thousands digit of 133098?
3
What is the hundred thousands digit of 105369?
1
What is the thousands digit of 678574?
8
What is the hundred thousands digit of 104754?
1
What is the tens digit of 29063520?
2
What is the hundreds digit of 721034?
0
What is the units digit of 20307657?
7
What is the hundreds digit of 9162951?
9
What is the hundred thousands digit of 5449359?
4
What is the hundred thousands digit of 180970?
1
What is the tens digit of 300634?
3
What is the millions digit of 4615690?
4
What is the hundred thousands digit of 1221754?
2
What is the tens digit of 721443?
4
What is the tens digit of 1349317?
1
What is the units digit of 192985?
5
What is the hundreds digit of 3808?
8
What is the hundreds digit of 22858206?
2
What is the tens digit of 250288?
8
What is the hundreds digit of 1103711?
7
What is the hundreds digit of 6619522?
5
What is the units digit of 2908534?
4
What is the tens digit of 201725?
2
What is the thousands digit of 649740?
9
What is the ten thousands digit of 1553283?
5
What is the hundreds digit of 717536?
5
What is the tens digit of 7302087?
8
What is the thousands digit of 1405090?
5
What is the hundreds digit of 48963?
9
What is the ten thousands digit of 15949704?
4
What is the ten thousands digit of 1466338?
6
What is the tens digit of 71174?
7
What is the tens digit of 73007?
0
What is the millions digit of 5289757?
5
What is the tens digit of 445055?
5
What is the hundred thousands digit of 299035?
2
What is the units digit of 2684079?
9
What is the thousands digit of 9699411?
9
What is the ten thousands digit of 593944?
9
What is the hundreds digit of 37205?
2
What is the tens digit of 2035588?
8
What is the hundred thousands digit of 958194?
9
What is the hundreds digit of 501331?
3
What is the thousands digit of 730832?
0
What is the hundreds digit of 5784771?
7
What is the hundreds digit of 3646734?
7
What is the thousands digit of 4053630?
3
What is the hundreds digit of 921590?
5
What is the hundred thousands digit of 603552?
6
What is the tens digit of 7723461?
6
What is the tens digit of 329862?
6
What is the hundred thousands digit of 6829451?
8
What is the hundreds digit of 206605?
6
What is the ten thousands digit of 1273860?
7
Wh